 common divisor of 282 and 173073505?
47
What is the highest common divisor of 5 and 120994?
1
Calculate the highest common factor of 4177480 and 85070.
1810
What is the greatest common divisor of 57 and 19777841?
19
What is the greatest common divisor of 21445669 and 21?
7
What is the highest common factor of 2740 and 855?
5
Calculate the highest common divisor of 61096 and 49672.
56
What is the greatest common divisor of 144 and 1692448?
16
Calculate the greatest common divisor of 3640261103 and 3709.
3709
What is the greatest common factor of 42458 and 2905604?
1846
What is the greatest common factor of 5560816 and 24?
8
Calculate the highest common divisor of 187557 and 3023637.
303
What is the highest common factor of 10731 and 4041927729?
10731
Calculate the greatest common divisor of 1248 and 13434096.
624
Calculate the highest common factor of 4505519 and 22331.
137
What is the greatest common factor of 1079470030 and 610?
610
What is the highest common divisor of 45 and 1617945?
15
What is the greatest common factor of 40455 and 334515?
435
Calculate the highest common divisor of 11126567 and 1945.
389
What is the greatest common factor of 165 and 8006955?
165
What is the highest common divisor of 1737894720 and 690?
690
What is the greatest common divisor of 2102 and 10817943?
1051
What is the highest common divisor of 64887480 and 10584?
1512
Calculate the greatest common factor of 20624240 and 3640.
3640
Calculate the greatest common divisor of 57154 and 45605530.
3362
What is the highest common factor of 23430972 and 2718?
906
What is the highest common factor of 17331468 and 294?
42
Calculate the highest common divisor of 5784 and 137166.
6
What is the highest common factor of 70607600 and 2114?
2114
Calculate the highest common factor of 330485 and 10169255.
2105
What is the greatest common divisor of 4685448 and 96?
24
What is the greatest common factor of 102971925 and 2325?
2325
What is the highest common divisor of 129253361 and 20828?
5207
What is the greatest common divisor of 27 and 68926287?
3
Calculate the highest common factor of 945 and 7191800.
35
What is the greatest common divisor of 717553142 and 362?
362
What is the highest common factor of 1360 and 40473872?
272
What is the highest common factor of 1116 and 16858482?
186
Calculate the greatest common factor of 122 and 4119703442.
122
Calculate the highest common divisor of 310149 and 922789.
3829
What is the greatest common factor of 1403 and 411506?
61
Calculate the greatest common divisor of 1120 and 1035232.
32
Calculate the greatest common divisor of 10 and 160014720.
10
Calculate the greatest common factor of 14988073 and 63418.
857
What is the greatest common factor of 210426471 and 3?
3
What is the highest common factor of 45060276 and 648?
12
What is the highest common divisor of 26692 and 170568553?
6673
What is the highest common divisor of 32535 and 144186685?
1205
Calculate the greatest common factor of 5000 and 1212650.
50
What is the greatest common factor of 429 and 1982750?
11
Calculate the greatest common divisor of 32790 and 787110834.
6558
Calculate the greatest common factor of 32166 and 5112.
18
What is the greatest common divisor of 11508 and 45413445?
2877
What is the greatest common divisor of 10444 and 210545818?
5222
What is the greatest common factor of 116578483 and 1106?
553
Calculate the highest common divisor of 1180 and 5259614.
118
Calculate the greatest common divisor of 4374 and 568545642.
4374
Calculate the greatest common divisor of 633468 and 7788.
132
What is the greatest common factor of 500025 and 17967?
339
Calculate the highest common factor of 43435495 and 2480.
155
What is the greatest common divisor of 16469137 and 4348?
1087
Calculate the highest common divisor of 98 and 2690594606.
98
Calculate the greatest common divisor of 4504 and 1586534.
1126
What is the greatest common factor of 21978 and 2401300?
814
What is the greatest common divisor of 982686 and 186?
6
What is the highest common factor of 361 and 1223374489?
361
What is the greatest common divisor of 5176768 and 188?
188
Calculate the highest common factor of 1430751405 and 15.
15
Calculate the highest common factor of 165 and 118954.
11
Calculate the highest common factor of 367 and 1140059076.
367
What is the greatest common factor of 13 and 457114?
1
Calculate the highest common factor of 1066950759 and 777.
777
Calculate the highest common factor of 153255 and 11419.
601
What is the highest common divisor of 3940 and 54271530?
1970
Calculate the highest common factor of 117834 and 26322.
246
Calculate the greatest common factor of 2281304 and 271726.
2986
What is the greatest common factor of 15616 and 451888?
976
What is the highest common factor of 15200 and 4002939?
19
What is the highest common factor of 5746800 and 180150?
150
What is the greatest common factor of 71222450 and 1235?
1235
What is the highest common divisor of 6 and 302919?
3
Calculate the greatest common factor of 98290559 and 6388.
1597
Calculate the highest common factor of 25179594 and 66.
66
Calculate the highest common factor of 4075829 and 7794.
433
Calculate the greatest common factor of 23256794 and 110.
22
Calculate the greatest common divisor of 80587 and 6006.
13
Calculate the greatest common divisor of 15517805 and 74565.
8285
What is the highest common divisor of 15 and 1682015?
5
Calculate the highest common divisor of 31820288 and 45904.
304
Calculate the greatest common factor of 459101 and 485.
97
What is the greatest common factor of 811717 and 1055?
211
Calculate the greatest common divisor of 37700708 and 1588.
1588
What is the greatest common divisor of 7347423 and 5439?
111
Calculate the highest common factor of 125799520 and 112.
112
What is the greatest common factor of 5819 and 81697?
11
Calculate the greatest common divisor of 151297 and 551.
19
Calculate the greatest common factor of 5819 and 38986035.
253
Calculate the highest common divisor of 7142880 and 70932.
276
Calculate the greatest common factor of 44885 and 120038.
47
Calculate the greatest common divisor of 91868 and 1436113.
1351
Calculate the highest common factor of 594556428 and 12.
12
What is the highest common factor of 431393202 and 162?
162
Calculate the greatest common factor of 3066554 and 1968.
82
Calculate the highest common factor of 113 and 10888002.
113
What is the greatest common divisor of 1634 and 5897966?
86
Calculate the highest common factor of 2892167773 and 22.
11
What is the greatest common divisor of 48569 and 918?
17
What is the greatest common divisor of 37843 and 183109?
71
Calculate the greatest common divisor of 272381356 and 2028.
676
What is the greatest common divisor of 22 and 10033732?
2
Calculate the greatest common divisor of 18 and 188718306.
6
Calculate the greatest common divisor of 74048759 and 1041.
347
What is the greatest common divisor of 555 and 213000231?
111
Calculate the greatest common factor of 495 and 18587580.
165
What is the greatest common factor of 21408768 and 180?
36
What is the highest common divisor of 2757 and 4036399635?
2757
What is the greatest common divisor of 5048074 and 194?
194
Calculate the greatest common divisor of 742948338 and 33.
33
Calculate the highest common factor of 603 and 90415428.
201
Calculate the highest common factor of 47994872 and 657.
73
What is the highest common factor of 13493117 and 13772?
3443
What is the highest common factor of 66546721 and 38?
19
What is the highest common factor of 91310 and 17428300?
3970
What is the highest common factor of 117377 and 572?
13
Calculate the greatest common divisor of 396663 and 2432.
19
What is the highest common factor of 57504 and 1592?
8
Calculate the highest common divisor of 140 and 45788204.
28
What is the greatest common factor of 516647088 and 216?
72
Calculate the highest common divisor of 138750 and 277525.
25
Calculate the highest common factor of 159 and 1605732.
3
Calculate the greatest common divisor of 223 and 993911.
223
Calculate the greatest common factor of 2489 and 31067698.
2489
Calculate the highest common factor of 453965611 and 22.
11
Calculate the greatest common factor of 58642 and 84802.
218
Calculate the highest common factor of 